{"id":543,"date":"2024-12-07T18:25:10","date_gmt":"2024-12-07T17:25:10","guid":{"rendered":"https:\/\/walle.net\/wordpress\/?page_id=543"},"modified":"2024-12-11T18:57:51","modified_gmt":"2024-12-11T17:57:51","slug":"moelln","status":"publish","type":"page","link":"https:\/\/walle.net\/wordpress\/moelln\/","title":{"rendered":"M\u00f6lln"},"content":{"rendered":"\n<div class=\"wp-block-columns is-layout-flex wp-container-core-columns-is-layout-28f84493 wp-block-columns-is-layout-flex\">\n<div class=\"wp-block-column is-layout-flow wp-block-column-is-layout-flow\" style=\"padding-right:var(--wp--preset--spacing--40);padding-left:var(--wp--preset--spacing--40);flex-basis:66.66%\">\n<h2 class=\"wp-block-heading has-body-text-color has-text-color has-link-color wp-elements-e6cc3e347dbd47f717e1485f44a459b2\">M\u00f6lln nach M\u00f6lln<\/h2>\n\n\n\n<p class=\"text04 has-body-text-color has-text-color has-link-color wp-elements-743f6f6fd93a5a1444d3c9d251826320\">In der Nacht auf den 23. November 1992 ver\u00fcben Jugendliche in M\u00f6lln Brandanschl\u00e4ge auf zwei Wohnh\u00e4user, die von Menschen t\u00fcrkischer Abstammung bewohnt werden. Drei Menschen werden dabei get\u00f6tet, viele weitere teils schwer verletzt und obdachlos.<\/p>\n\n\n\n<p class=\"text04 has-body-text-color has-text-color has-link-color wp-elements-d0dc0368d83b712d9b65fea59ff4112d\">Nach Ausschreitungen und Anschl\u00e4gen in Rostock-Lichtenhagen, Hoyerswerda und vielen anderen Orten erreicht die Gewalt gegen Minderheiten&nbsp; in Deutschland eine neue Qualit\u00e4t: Bewu\u00dft und geplant werden Menschen wegen ihres Andersseins ermordet.<\/p>\n\n\n\n<figure class=\"wp-block-image alignright size-full\"><a href=\"https:\/\/walle.net\/wordpress\/wp-content\/uploads\/2024\/12\/image-1.jpeg\"><img loading=\"lazy\" decoding=\"async\" width=\"359\" height=\"507\" src=\"https:\/\/walle.net\/wordpress\/wp-content\/uploads\/2024\/12\/image-1.jpeg\" alt=\"Plakat zur ersten Pr\u00e4sentation der Reportage in M\u00f6lln\" class=\"wp-image-581\" srcset=\"https:\/\/walle.net\/wordpress\/wp-content\/uploads\/2024\/12\/image-1.jpeg 359w, https:\/\/walle.net\/wordpress\/wp-content\/uploads\/2024\/12\/image-1-212x300.jpeg 212w\" sizes=\"auto, (max-width: 359px) 100vw, 359px\" \/><\/a><figcaption class=\"wp-element-caption\">Plakat zur ersten Pr\u00e4sentation der Reportage<\/figcaption><\/figure>\n\n\n\n<p class=\"text04 has-body-text-color has-text-color has-link-color wp-elements-664b67ffe12559c259e0c07c5b2a42a9\">M\u00f6lln, jahrzehntelang im Schatten der innerdeutschen Grenze gelegen und allenfalls als Heimatort Till Eulenspiegels bekannt, r\u00fcckt durch diese Anschl\u00e4ge f\u00fcr kurze Zeit in den Mittelpunkt weltweiten Interesses.<\/p>\n\n\n\n<p class=\"text04 has-body-text-color has-text-color has-link-color wp-elements-e274fdd5efd47b0c5a924da43f818df0\">Eine R\u00fcckkehr in die tr\u00fcgerische Kurstadtbeschaulichkeit ist f\u00fcr M\u00f6lln nach diesen Anschl\u00e4gen nicht m\u00f6glich. Gegen den Widerstand derjenigen, die den Rechtsradikalismus in ihrer Heimatstadt lieber verleugnen, setzen sich viele EinwohnerInnen daf\u00fcr ein, sich der politischen Vergangenheit und Gegenwart zu stellen. Sie wollen einen neuen Weg f\u00fcr die Zukunft finden. Einen Weg, der das gleichberechtigte Zusammenleben der verschiedenen Minder- und Mehrheiten erm\u00f6glicht und Ausgrenzung unn\u00f6tig werden l\u00e4\u00dft.<\/p>\n<\/div>\n\n\n\n<div class=\"wp-block-column is-layout-flow wp-block-column-is-layout-flow\" style=\"flex-basis:33.33%\">\n<ul class=\"wp-block-list\">\n<li><a href=\"https:\/\/walle.net\/wordpress\/moelln\/\" data-type=\"page\" data-id=\"543\">M\u00f6lln nach M\u00f6lln<\/a><\/li>\n\n\n\n<li><a href=\"https:\/\/walle.net\/wordpress\/moelln\/moelln2\/\" data-type=\"page\" data-id=\"543\">M\u00f6lln hat viele Gesichter<\/a><\/li>\n\n\n\n<li><a href=\"https:\/\/walle.net\/wordpress\/moelln\/zitate-1\/\" data-type=\"page\" data-id=\"573\">Zitate 1<\/a><\/li>\n\n\n\n<li><a href=\"https:\/\/walle.net\/wordpress\/moelln\/zitate-2\/\" data-type=\"page\" data-id=\"543\">Zitate 2<\/a><\/li>\n\n\n\n<li><a href=\"https:\/\/walle.net\/wordpress\/moelln\/chronologie\/\" data-type=\"page\" data-id=\"543\">Chronologie<\/a><\/li>\n\n\n\n<li><a href=\"https:\/\/walle.net\/wordpress\/moelln\/presse\/\" data-type=\"page\" data-id=\"543\">Pressestimmen<\/a><\/li>\n\n\n\n<li><a href=\"https:\/\/walle.net\/wordpress\/moelln\/autor\/\" data-type=\"page\" data-id=\"543\">Autor<\/a><\/li>\n\n\n\n<li><a href=\"https:\/\/walle.net\/wordpress\/moelln\/ausstellung\/\" data-type=\"page\" data-id=\"543\">Ausstellung<\/a><\/li>\n\n\n\n<li><a href=\"https:\/\/walle.net\/wordpress\/moelln\/interview\/\" data-type=\"page\" data-id=\"543\">Interview<\/a><\/li>\n<\/ul>\n<\/div>\n<\/div>\n","protected":false},"excerpt":{"rendered":"<p>M\u00f6lln nach M\u00f6lln In der Nacht auf den 23. November 1992 ver\u00fcben Jugendliche in M\u00f6lln [&hellip;]<\/p>\n","protected":false},"author":1,"featured_media":0,"parent":0,"menu_order":0,"comment_status":"closed","ping_status":"closed","template":"","meta":{"footnotes":""},"class_list":["post-543","page","type-page","status-publish","hentry"],"_links":{"self":[{"href":"https:\/\/walle.net\/wordpress\/wp-json\/wp\/v2\/pages\/543","targetHints":{"allow":["GET"]}}],"collection":[{"href":"https:\/\/walle.net\/wordpress\/wp-json\/wp\/v2\/pages"}],"about":[{"href":"https:\/\/walle.net\/wordpress\/wp-json\/wp\/v2\/types\/page"}],"author":[{"embeddable":true,"href":"https:\/\/walle.net\/wordpress\/wp-json\/wp\/v2\/users\/1"}],"replies":[{"embeddable":true,"href":"https:\/\/walle.net\/wordpress\/wp-json\/wp\/v2\/comments?post=543"}],"version-history":[{"count":25,"href":"https:\/\/walle.net\/wordpress\/wp-json\/wp\/v2\/pages\/543\/revisions"}],"predecessor-version":[{"id":1282,"href":"https:\/\/walle.net\/wordpress\/wp-json\/wp\/v2\/pages\/543\/revisions\/1282"}],"wp:attachment":[{"href":"https:\/\/walle.net\/wordpress\/wp-json\/wp\/v2\/media?parent=543"}],"curies":[{"name":"wp","href":"https:\/\/api.w.org\/{rel}","templated":true}]}}

Mölln

<div class="wp-block-columns is-layout-flex wp-container-core-columns-is-layout-28f84493 wp-block-columns-is-layout-flex">
<div class="wp-block-column is-layout-flow wp-block-column-is-layout-flow" style="padding-right:var(--wp--preset--spacing--40);padding-left:var(--wp--preset--spacing--40);flex-basis:66.66%">
<h2 class="wp-block-heading has-body-text-color has-text-color has-link-color wp-elements-e6cc3e347dbd47f717e1485f44a459b2">Mölln nach Mölln</h2>



<p class="text04 has-body-text-color has-text-color has-link-color wp-elements-743f6f6fd93a5a1444d3c9d251826320">In der Nacht auf den 23. November 1992 verüben Jugendliche in Mölln Brandanschläge auf zwei Wohnhäuser, die von Menschen türkischer Abstammung bewohnt werden. Drei Menschen werden dabei getötet, viele weitere teils schwer verletzt und obdachlos.</p>



<p class="text04 has-body-text-color has-text-color has-link-color wp-elements-d0dc0368d83b712d9b65fea59ff4112d">Nach Ausschreitungen und Anschlägen in Rostock-Lichtenhagen, Hoyerswerda und vielen anderen Orten erreicht die Gewalt gegen Minderheiten&nbsp; in Deutschland eine neue Qualität: Bewußt und geplant werden Menschen wegen ihres Andersseins ermordet.</p>



<figure class="wp-block-image alignright size-full"><a href="https://walle.net/wordpress/wp-content/uploads/2024/12/image-1.jpeg"><img loading="lazy" decoding="async" width="359" height="507" src="https://walle.net/wordpress/wp-content/uploads/2024/12/image-1.jpeg" alt="Plakat zur ersten Präsentation der Reportage in Mölln" class="wp-image-581" srcset="https://walle.net/wordpress/wp-content/uploads/2024/12/image-1.jpeg 359w, https://walle.net/wordpress/wp-content/uploads/2024/12/image-1-212x300.jpeg 212w" sizes="auto, (max-width: 359px) 100vw, 359px" /></a><figcaption class="wp-element-caption">Plakat zur ersten Präsentation der Reportage</figcaption></figure>



<p class="text04 has-body-text-color has-text-color has-link-color wp-elements-664b67ffe12559c259e0c07c5b2a42a9">Mölln, jahrzehntelang im Schatten der innerdeutschen Grenze gelegen und allenfalls als Heimatort Till Eulenspiegels bekannt, rückt durch diese Anschläge für kurze Zeit in den Mittelpunkt weltweiten Interesses.</p>



<p class="text04 has-body-text-color has-text-color has-link-color wp-elements-e274fdd5efd47b0c5a924da43f818df0">Eine Rückkehr in die trügerische Kurstadtbeschaulichkeit ist für Mölln nach diesen Anschlägen nicht möglich. Gegen den Widerstand derjenigen, die den Rechtsradikalismus in ihrer Heimatstadt lieber verleugnen, setzen sich viele EinwohnerInnen dafür ein, sich der politischen Vergangenheit und Gegenwart zu stellen. Sie wollen einen neuen Weg für die Zukunft finden. Einen Weg, der das gleichberechtigte Zusammenleben der verschiedenen Minder- und Mehrheiten ermöglicht und Ausgrenzung unnötig werden läßt.</p>
</div>



<div class="wp-block-column is-layout-flow wp-block-column-is-layout-flow" style="flex-basis:33.33%">
<ul class="wp-block-list">
<li><a href="https://walle.net/wordpress/moelln/" data-type="page" data-id="543">Mölln nach Mölln</a></li>



<li><a href="https://walle.net/wordpress/moelln/moelln2/" data-type="page" data-id="543">Mölln hat viele Gesichter</a></li>



<li><a href="https://walle.net/wordpress/moelln/zitate-1/" data-type="page" data-id="573">Zitate 1</a></li>



<li><a href="https://walle.net/wordpress/moelln/zitate-2/" data-type="page" data-id="543">Zitate 2</a></li>



<li><a href="https://walle.net/wordpress/moelln/chronologie/" data-type="page" data-id="543">Chronologie</a></li>



<li><a href="https://walle.net/wordpress/moelln/presse/" data-type="page" data-id="543">Pressestimmen</a></li>



<li><a href="https://walle.net/wordpress/moelln/autor/" data-type="page" data-id="543">Autor</a></li>



<li><a href="https://walle.net/wordpress/moelln/ausstellung/" data-type="page" data-id="543">Ausstellung</a></li>



<li><a href="https://walle.net/wordpress/moelln/interview/" data-type="page" data-id="543">Interview</a></li>
</ul>
</div>
</div>

<p>Mölln nach Mölln In der Nacht auf den 23. November 1992 verüben Jugendliche in Mölln [&hellip;]</p>
