{"id":562,"date":"2024-12-07T22:56:54","date_gmt":"2024-12-07T21:56:54","guid":{"rendered":"https:\/\/walle.net\/wordpress\/?page_id=562"},"modified":"2024-12-08T12:32:40","modified_gmt":"2024-12-08T11:32:40","slug":"moelln2","status":"publish","type":"page","link":"https:\/\/walle.net\/wordpress\/moelln\/moelln2\/","title":{"rendered":"M\u00f6lln hat viele Gesichter"},"content":{"rendered":"\n<div class=\"wp-block-columns is-layout-flex wp-container-core-columns-is-layout-28f84493 wp-block-columns-is-layout-flex\">\n<div class=\"wp-block-column is-layout-flow wp-block-column-is-layout-flow\" style=\"padding-right:var(--wp--preset--spacing--40);padding-left:var(--wp--preset--spacing--40);flex-basis:66.66%\">\n<h2 class=\"wp-block-heading has-body-text-color has-text-color has-link-color wp-elements-1d7ddd96e054f0f65b3efad98d1e04fa\">M\u00f6lln hat viele Gesichter<\/h2>\n\n\n\n<p class=\"has-body-text-color has-text-color has-link-color wp-elements-0dcdada4d32d5e8ba1ba3cf1f595b222\">Die <a href=\"http:\/\/moelln.de\" target=\"_blank\" rel=\"noopener\">Stadt M\u00f6lln<\/a> wurde im 12. Jahrhundert erstmals urkundlich erw\u00e4hnt und hat seitdem eine wechselvolle Geschichte hinter sich. Sie stand unter der Herrschaft von England, Frankreich, D\u00e4nemark, Preu\u00dfen, L\u00fcbeck und Lauenburg. Seit 1945 geh\u00f6rt sie zum Bundesland Schleswig-Holstein und zum Kreis Herzogtum Lauenburg.<\/p>\n\n\n\n<p class=\"has-body-text-color has-text-color has-link-color wp-elements-18274e52434a6d76ed7930cb605e2292\">Bis zum Jahr 1990 hatte M\u00f6lln durch seine N\u00e4he zur innerdeutschen Grenze mit seiner Zonenrandlage zu k\u00e4mpfen, jetzt k\u00e4mpft es mit dem Wegfall der Zonenrandf\u00f6rderung.<\/p>\n\n\n\n<p class=\"has-body-text-color has-text-color has-link-color wp-elements-f837e24fd9807b60ca3037c3f6085fc5\">Neben Industrie und Handwerk ist der Fremdenverkehr traditionell ein wichtiges wirtschaftliches Standbein der Stadt. Schon fr\u00fch hat M\u00f6lln sich die landschaftlichen Reize der lauenburgischen Seenplatte zunutze gemacht und ist inzwischen als Kneipp-Kurort staatlich anerkannt.<\/p>\n\n\n\n<p class=\"has-body-text-color has-text-color has-link-color wp-elements-ee1c2959d3b61377ff9dca188f1ab41b\">\u00dcberregional bekannt ist eines der M\u00f6llner Wahrzeichen: Till Eulenspiegel. Er verstarb im Jahr 1350 im Hospital zum Heiligen Geist in M\u00f6lln. Nicht nur die Skulptur auf dem Marktplatz in der historischen Altstadt oder sein bis heute erhaltener Grabstein hinter der St. Nikolai-Kirche erinnern an diesen mittlerweile kommerzialisierten B\u00fcrgerschreck.<\/p>\n\n\n\n<p class=\"has-body-text-color has-text-color has-link-color wp-elements-ee3aaa3e9855c0c2710d48dea6274734\">17.994 Menschen leben im Januar 1993 in M\u00f6lln, darunter 860 Nichtdeutsche (= 4,78 %). Die M\u00f6llner t\u00fcrkischer Abstammung nehmen mit \u00fcber 56 % den gr\u00f6\u00dften Anteil an der nichtdeutschen Bev\u00f6lkerung der Stadt ein. Viele der nichtdeutschst\u00e4mmigen M\u00f6llner sind vor mehr als 15 Jahren nach Deutschland gekommen oder sind hier geboren.<\/p>\n\n\n\n<p class=\"has-body-text-color has-text-color has-link-color wp-elements-1d2a885916f867b304c9e88fd9477270\">M\u00f6llns neuere politische Vergangenheit: Schon lange vor der Machtergreifung durch die Nationalsozialisten waren die Wahlerfolge rechtsradikaler Parteien im Kreis Herzogtum Lauenburg au\u00dfergew\u00f6hnlich hoch, und M\u00f6lln lag teilweise noch weit \u00fcber dem Kreisdurchschnitt. Doch nicht nur damals fanden Rechtsradikale insbesondere in diesem Landstrich zahlreiche Sympathisanten f\u00fcr ihre Ideen von &#8222;Blut und Boden&#8220; oder &#8222;law and order&#8220;. W\u00e4hrend der letzten Landtagswahlen vor den M\u00f6llner Brandanschl\u00e4gen vom 23. November 1992 gaben 11,4 % der M\u00f6llner W\u00e4hler und W\u00e4hlerinnen ihr Mandat den rechtsradikalen Parteien &#8222;Deutsche Volksunion&#8220; (DVU) und &#8222;die Republikaner&#8220; (Schleswig-Holstein 7,5 %, Kreis Herzogtum Lauenburg 9,6 %).<\/p>\n\n\n\n<p class=\"has-body-text-color has-text-color has-link-color wp-elements-2abb872a510545bdf57c0d3907daedbd\">Im Zuge der Ermittlungen gegen die inzwischen verurteilten Brandstifter von M\u00f6lln, Christian Peters und Lars Christiansen, wurde festgestellt, da\u00df sie enge Kontakte zur NPD und ihrem stellv. Landesvorsitzenden, dem M\u00f6llner Heinrich F\u00f6rster, unterhielten. (F\u00f6rster ist im April `94 wegen Beteiligung an einem \u00dcberfall auf das Asylbewerberheim in Bahlen zu vier Jahren Haft verurteilt worden.)<\/p>\n\n\n\n<p class=\"has-body-text-color has-text-color has-link-color wp-elements-3caedbb744ef8effec187284bbb57ce0\">Trotz dieser eindeutigen Zahlenbeispiele ist es falsch, M\u00f6lln pauschal als &#8222;braune Hochburg&#8220; zu verurteilen, das Problem Rechtsradikalismus auf diese Stadt eingrenzen zu wollen. Presseberichte bem\u00e4chtigten sich h\u00e4ufig allzu leichtfertig des Klischees einer idyllischen Kleinstadt, hinter deren malerischer Fassade sich nur d\u00fcmmliche Ablehnung alles Fremden verberge. Selten nur wurden Journalisten der ernsthaften Anstrengungen in M\u00f6lln, auf die Ursachen und Folgen der Anschl\u00e4ge zu reagieren, gerecht. Selten nur unternahmen sie mehr als einen fl\u00fcchtigen Blick, um mit Interesse hinter die Fassaden zu schauen. Eine deutsche Illustrierte konnte ihre vorgefa\u00dften Aussagen nur belegen, indem sie M\u00f6llner Jugendliche f\u00fcr ein gestelltes Foto bezahlte, welches sie mit rechtsextremistischen Symbolen zeigen sollte.<\/p>\n<\/div>\n\n\n\n<div class=\"wp-block-column is-layout-flow wp-block-column-is-layout-flow\" style=\"flex-basis:33.33%\">\n<ul class=\"wp-block-list\">\n<li><a href=\"https:\/\/walle.net\/wordpress\/moelln\/\" data-type=\"page\" data-id=\"543\">M\u00f6lln nach M\u00f6lln<\/a><\/li>\n\n\n\n<li><a href=\"https:\/\/walle.net\/wordpress\/moelln\/moelln2\/\" data-type=\"page\" data-id=\"543\">M\u00f6lln hat viele Gesichter<\/a><\/li>\n\n\n\n<li><a href=\"https:\/\/walle.net\/wordpress\/moelln\/zitate-1\/\" data-type=\"page\" data-id=\"573\">Zitate 1<\/a><\/li>\n\n\n\n<li><a href=\"https:\/\/walle.net\/wordpress\/moelln\/zitate-2\/\" data-type=\"page\" data-id=\"543\">Zitate 2<\/a><\/li>\n\n\n\n<li><a href=\"https:\/\/walle.net\/wordpress\/moelln\/chronologie\/\" data-type=\"page\" data-id=\"543\">Chronologie<\/a><\/li>\n\n\n\n<li><a href=\"https:\/\/walle.net\/wordpress\/moelln\/presse\/\" data-type=\"page\" data-id=\"543\">Pressestimmen<\/a><\/li>\n\n\n\n<li><a href=\"https:\/\/walle.net\/wordpress\/moelln\/autor\/\" data-type=\"page\" data-id=\"543\">Autor<\/a><\/li>\n\n\n\n<li><a href=\"https:\/\/walle.net\/wordpress\/moelln\/ausstellung\/\" data-type=\"page\" data-id=\"543\">Ausstellung<\/a><\/li>\n\n\n\n<li><a href=\"https:\/\/walle.net\/wordpress\/moelln\/interview\/\" data-type=\"page\" data-id=\"543\">Interview<\/a><\/li>\n<\/ul>\n<\/div>\n<\/div>\n","protected":false},"excerpt":{"rendered":"<p>M\u00f6lln hat viele Gesichter Die Stadt M\u00f6lln wurde im 12. Jahrhundert erstmals urkundlich erw\u00e4hnt und [&hellip;]<\/p>\n","protected":false},"author":1,"featured_media":0,"parent":543,"menu_order":2,"comment_status":"closed","ping_status":"closed","template":"","meta":{"footnotes":""},"class_list":["post-562","page","type-page","status-publish","hentry"],"_links":{"self":[{"href":"https:\/\/walle.net\/wordpress\/wp-json\/wp\/v2\/pages\/562","targetHints":{"allow":["GET"]}}],"collection":[{"href":"https:\/\/walle.net\/wordpress\/wp-json\/wp\/v2\/pages"}],"about":[{"href":"https:\/\/walle.net\/wordpress\/wp-json\/wp\/v2\/types\/page"}],"author":[{"embeddable":true,"href":"https:\/\/walle.net\/wordpress\/wp-json\/wp\/v2\/users\/1"}],"replies":[{"embeddable":true,"href":"https:\/\/walle.net\/wordpress\/wp-json\/wp\/v2\/comments?post=562"}],"version-history":[{"count":12,"href":"https:\/\/walle.net\/wordpress\/wp-json\/wp\/v2\/pages\/562\/revisions"}],"predecessor-version":[{"id":706,"href":"https:\/\/walle.net\/wordpress\/wp-json\/wp\/v2\/pages\/562\/revisions\/706"}],"up":[{"embeddable":true,"href":"https:\/\/walle.net\/wordpress\/wp-json\/wp\/v2\/pages\/543"}],"wp:attachment":[{"href":"https:\/\/walle.net\/wordpress\/wp-json\/wp\/v2\/media?parent=562"}],"curies":[{"name":"wp","href":"https:\/\/api.w.org\/{rel}","templated":true}]}}

Mölln hat viele Gesichter

<div class="wp-block-columns is-layout-flex wp-container-core-columns-is-layout-28f84493 wp-block-columns-is-layout-flex">
<div class="wp-block-column is-layout-flow wp-block-column-is-layout-flow" style="padding-right:var(--wp--preset--spacing--40);padding-left:var(--wp--preset--spacing--40);flex-basis:66.66%">
<h2 class="wp-block-heading has-body-text-color has-text-color has-link-color wp-elements-1d7ddd96e054f0f65b3efad98d1e04fa">Mölln hat viele Gesichter</h2>



<p class="has-body-text-color has-text-color has-link-color wp-elements-0dcdada4d32d5e8ba1ba3cf1f595b222">Die <a href="http://moelln.de" target="_blank" rel="noopener">Stadt Mölln</a> wurde im 12. Jahrhundert erstmals urkundlich erwähnt und hat seitdem eine wechselvolle Geschichte hinter sich. Sie stand unter der Herrschaft von England, Frankreich, Dänemark, Preußen, Lübeck und Lauenburg. Seit 1945 gehört sie zum Bundesland Schleswig-Holstein und zum Kreis Herzogtum Lauenburg.</p>



<p class="has-body-text-color has-text-color has-link-color wp-elements-18274e52434a6d76ed7930cb605e2292">Bis zum Jahr 1990 hatte Mölln durch seine Nähe zur innerdeutschen Grenze mit seiner Zonenrandlage zu kämpfen, jetzt kämpft es mit dem Wegfall der Zonenrandförderung.</p>



<p class="has-body-text-color has-text-color has-link-color wp-elements-f837e24fd9807b60ca3037c3f6085fc5">Neben Industrie und Handwerk ist der Fremdenverkehr traditionell ein wichtiges wirtschaftliches Standbein der Stadt. Schon früh hat Mölln sich die landschaftlichen Reize der lauenburgischen Seenplatte zunutze gemacht und ist inzwischen als Kneipp-Kurort staatlich anerkannt.</p>



<p class="has-body-text-color has-text-color has-link-color wp-elements-ee1c2959d3b61377ff9dca188f1ab41b">Überregional bekannt ist eines der Möllner Wahrzeichen: Till Eulenspiegel. Er verstarb im Jahr 1350 im Hospital zum Heiligen Geist in Mölln. Nicht nur die Skulptur auf dem Marktplatz in der historischen Altstadt oder sein bis heute erhaltener Grabstein hinter der St. Nikolai-Kirche erinnern an diesen mittlerweile kommerzialisierten Bürgerschreck.</p>



<p class="has-body-text-color has-text-color has-link-color wp-elements-ee3aaa3e9855c0c2710d48dea6274734">17.994 Menschen leben im Januar 1993 in Mölln, darunter 860 Nichtdeutsche (= 4,78 %). Die Möllner türkischer Abstammung nehmen mit über 56 % den größten Anteil an der nichtdeutschen Bevölkerung der Stadt ein. Viele der nichtdeutschstämmigen Möllner sind vor mehr als 15 Jahren nach Deutschland gekommen oder sind hier geboren.</p>



<p class="has-body-text-color has-text-color has-link-color wp-elements-1d2a885916f867b304c9e88fd9477270">Möllns neuere politische Vergangenheit: Schon lange vor der Machtergreifung durch die Nationalsozialisten waren die Wahlerfolge rechtsradikaler Parteien im Kreis Herzogtum Lauenburg außergewöhnlich hoch, und Mölln lag teilweise noch weit über dem Kreisdurchschnitt. Doch nicht nur damals fanden Rechtsradikale insbesondere in diesem Landstrich zahlreiche Sympathisanten für ihre Ideen von &#8222;Blut und Boden&#8220; oder &#8222;law and order&#8220;. Während der letzten Landtagswahlen vor den Möllner Brandanschlägen vom 23. November 1992 gaben 11,4 % der Möllner Wähler und Wählerinnen ihr Mandat den rechtsradikalen Parteien &#8222;Deutsche Volksunion&#8220; (DVU) und &#8222;die Republikaner&#8220; (Schleswig-Holstein 7,5 %, Kreis Herzogtum Lauenburg 9,6 %).</p>



<p class="has-body-text-color has-text-color has-link-color wp-elements-2abb872a510545bdf57c0d3907daedbd">Im Zuge der Ermittlungen gegen die inzwischen verurteilten Brandstifter von Mölln, Christian Peters und Lars Christiansen, wurde festgestellt, daß sie enge Kontakte zur NPD und ihrem stellv. Landesvorsitzenden, dem Möllner Heinrich Förster, unterhielten. (Förster ist im April `94 wegen Beteiligung an einem Überfall auf das Asylbewerberheim in Bahlen zu vier Jahren Haft verurteilt worden.)</p>



<p class="has-body-text-color has-text-color has-link-color wp-elements-3caedbb744ef8effec187284bbb57ce0">Trotz dieser eindeutigen Zahlenbeispiele ist es falsch, Mölln pauschal als &#8222;braune Hochburg&#8220; zu verurteilen, das Problem Rechtsradikalismus auf diese Stadt eingrenzen zu wollen. Presseberichte bemächtigten sich häufig allzu leichtfertig des Klischees einer idyllischen Kleinstadt, hinter deren malerischer Fassade sich nur dümmliche Ablehnung alles Fremden verberge. Selten nur wurden Journalisten der ernsthaften Anstrengungen in Mölln, auf die Ursachen und Folgen der Anschläge zu reagieren, gerecht. Selten nur unternahmen sie mehr als einen flüchtigen Blick, um mit Interesse hinter die Fassaden zu schauen. Eine deutsche Illustrierte konnte ihre vorgefaßten Aussagen nur belegen, indem sie Möllner Jugendliche für ein gestelltes Foto bezahlte, welches sie mit rechtsextremistischen Symbolen zeigen sollte.</p>
</div>



<div class="wp-block-column is-layout-flow wp-block-column-is-layout-flow" style="flex-basis:33.33%">
<ul class="wp-block-list">
<li><a href="https://walle.net/wordpress/moelln/" data-type="page" data-id="543">Mölln nach Mölln</a></li>



<li><a href="https://walle.net/wordpress/moelln/moelln2/" data-type="page" data-id="543">Mölln hat viele Gesichter</a></li>



<li><a href="https://walle.net/wordpress/moelln/zitate-1/" data-type="page" data-id="573">Zitate 1</a></li>



<li><a href="https://walle.net/wordpress/moelln/zitate-2/" data-type="page" data-id="543">Zitate 2</a></li>



<li><a href="https://walle.net/wordpress/moelln/chronologie/" data-type="page" data-id="543">Chronologie</a></li>



<li><a href="https://walle.net/wordpress/moelln/presse/" data-type="page" data-id="543">Pressestimmen</a></li>



<li><a href="https://walle.net/wordpress/moelln/autor/" data-type="page" data-id="543">Autor</a></li>



<li><a href="https://walle.net/wordpress/moelln/ausstellung/" data-type="page" data-id="543">Ausstellung</a></li>



<li><a href="https://walle.net/wordpress/moelln/interview/" data-type="page" data-id="543">Interview</a></li>
</ul>
</div>
</div>

<p>Mölln hat viele Gesichter Die Stadt Mölln wurde im 12. Jahrhundert erstmals urkundlich erwähnt und [&hellip;]</p>
