{"id":623,"date":"2024-12-08T06:50:00","date_gmt":"2024-12-08T05:50:00","guid":{"rendered":"https:\/\/walle.net\/wordpress\/?page_id=623"},"modified":"2024-12-08T18:15:38","modified_gmt":"2024-12-08T17:15:38","slug":"zitate-2","status":"publish","type":"page","link":"https:\/\/walle.net\/wordpress\/moelln\/zitate-2\/","title":{"rendered":"Zitate 2"},"content":{"rendered":"\n<div class=\"wp-block-columns is-layout-flex wp-container-core-columns-is-layout-28f84493 wp-block-columns-is-layout-flex\">\n<div class=\"wp-block-column is-layout-flow wp-block-column-is-layout-flow\" style=\"padding-right:var(--wp--preset--spacing--40);padding-left:var(--wp--preset--spacing--40);flex-basis:66.66%\">\n<p class=\"has-foreground-color has-text-color has-link-color has-medium-font-size wp-elements-04a3b0e45da6db1bb926f0212efc9a30\">Ignatz Bubis, Vorsitzender des Zentralrats der Juden in Deutschland, am 23. November 1993 in M\u00f6lln<\/p>\n\n\n\n<p class=\"has-body-text-color has-text-color has-link-color wp-elements-abe2142462fbb76279f35138e93e07cb\">Wenn wir die Vergangenheit nicht in Vergessenheit geraten lassen, dann nicht um Schuldgef\u00fchle zu erzeugen, sondern wir tun es f\u00fcr die Zukunft.<\/p>\n\n\n\n<div style=\"height:100px\" aria-hidden=\"true\" class=\"wp-block-spacer\"><\/div>\n\n\n\n<p class=\"has-foreground-color has-text-color has-link-color has-medium-font-size wp-elements-afacb13e28f81dad802c92c5082cb293\">Ute Erdsiek-Rave, Pr\u00e4sidentin des Schleswig-Holsteinischen Landtags, am 28. August 1993 in M\u00f6lln<\/p>\n\n\n\n<p class=\"has-body-text-color has-text-color has-link-color wp-elements-c08f41152200f862e7cbf81d289e1f56\">Es gibt immer noch zu viele Verantwortliche in Deutschland, die absolut verantwortungslos handeln.<\/p>\n\n\n\n<div style=\"height:100px\" aria-hidden=\"true\" class=\"wp-block-spacer\"><\/div>\n\n\n\n<p class=\"has-foreground-color has-text-color has-link-color has-medium-font-size wp-elements-023a1b474e32a44d78fc3a6079dbca39\">Aus der Niederschrift \u00fcber die 5. Sitzung der Stadtvertreter der Stadt M\u00f6lln am 15. Dezember 1992<\/p>\n\n\n\n<p class=\"has-body-text-color has-text-color has-link-color wp-elements-d3ef582a8c2796e4199134057c32d7f1\"><em>Beschlu\u00df:<\/em> Das einem Brandanschlag zum Opfer gefallene, in das Treuhandverm\u00f6gen \u00fcberf\u00fchrte Haus &#8222;M\u00fchlenstra\u00dfe 9&#8220; wird einschlie\u00dflich der Hintergeb\u00e4ude saniert und wieder instandgesetzt. Das Sanierungskonzept geht von der Errichtung einer deutsch-t\u00fcrkischen Begegnungsst\u00e4tte (Kulturzentrum) und dem Ausbau bzw. der Neuerrichtung von Wohnungen f\u00fcr t\u00fcrkische Mitbewohnerinnen und Mitbewohner aus.<br><em>Abstimmungsergebnis:<\/em> Einstimmig.<\/p>\n\n\n\n<div style=\"height:100px\" aria-hidden=\"true\" class=\"wp-block-spacer\"><\/div>\n\n\n\n<p class=\"has-foreground-color has-text-color has-link-color has-medium-font-size wp-elements-b708bfe584f736185b6207a62419acdf\">Aus &#8222;BLUME ist Kind von Wiese&#8220; von H. Glantschnig, Verlag Luchterhand<\/p>\n\n\n\n<p class=\"has-body-text-color has-text-color has-link-color wp-elements-4b9b19dbb043b963e90ca6896e97411f\">Wir: Das alles zusammen, das sind wir. Ich bin auch wir, das sind wir, wir vom Deutschkurs.<\/p>\n\n\n\n<div style=\"height:100px\" aria-hidden=\"true\" class=\"wp-block-spacer\"><\/div>\n\n\n\n<figure class=\"wp-block-image aligncenter size-full\"><img loading=\"lazy\" decoding=\"async\" width=\"630\" height=\"940\" src=\"https:\/\/walle.net\/wordpress\/wp-content\/uploads\/2024\/12\/199207927.jpg\" alt=\"\" class=\"wp-image-629\" srcset=\"https:\/\/walle.net\/wordpress\/wp-content\/uploads\/2024\/12\/199207927.jpg 630w, https:\/\/walle.net\/wordpress\/wp-content\/uploads\/2024\/12\/199207927-201x300.jpg 201w\" sizes=\"auto, (max-width: 630px) 100vw, 630px\" \/><figcaption class=\"wp-element-caption\">Vor der Brandruine in der M\u00fchlenstra\u00dfe<\/figcaption><\/figure>\n\n\n\n<div style=\"height:100px\" aria-hidden=\"true\" class=\"wp-block-spacer\"><\/div>\n\n\n\n<p class=\"has-foreground-color has-text-color has-link-color has-medium-font-size wp-elements-f8db1280b5fa020e172e92dc477879f3\">&#8222;Die Zeit&#8220; am 04. Juni 1993<\/p>\n\n\n\n<p class=\"has-body-text-color has-text-color has-link-color wp-elements-dcf4da80849220dfb652f31100cea440\">Am 12. September 1991 bat der Generalsekret\u00e4r der Christlich Demokratischen Union, Volker R\u00fche, die Damen und Herren Kreisvorsitzenden, die Vorsitzenden der CDU-Fraktionen in den Gemeinde- und Stadtr\u00e4ten, Kreistagen, Landtagen, B\u00fcrgerschaften und im Abgeordnetenhaus brieflich, &#8222;die Asylpolitik zum Thema zu machen&#8220; und f\u00fcgte zu diesem Zwecke auch gleich ein &#8222;Muster f\u00fcr die Anfragen an die Verwaltung zur \u00f6rtlichen Lage der Asylbewerber&#8220; bei. Es sei als Dokument der Zeit zitiert:<\/p>\n\n\n\n<ul class=\"wp-block-list\">\n<li class=\"has-body-text-color has-text-color has-link-color wp-elements-d23e930d2022ddc1beb7963cfa6778c1\">&#8222;Wie hoch ist die Zahl der am 1. September 1991 in der Gemeinde untergebrachten Asylbewerber?<\/li>\n\n\n\n<li class=\"has-body-text-color has-text-color has-link-color wp-elements-bb5da1eb235b958d0e4e00c90afd9365\">Wie lange halten sich die Asylbewerber durchschnittlich in der Gemeinde auf?<\/li>\n\n\n\n<li class=\"has-body-text-color has-text-color has-link-color wp-elements-d3fe355a00f909870140f192902c38cf\">Wo und wie sind die Asylbewerber in der Gemeinde untergebracht?<\/li>\n\n\n\n<li class=\"has-body-text-color has-text-color has-link-color wp-elements-9a8fce24d47ba9ec8f087d24cd40d014\">Sind Asylbewerber auch in \u00f6ffentlichen Einrichtungen wie beispielsweise Turnhallen o. \u00e4. untergebracht worden? Wenn Ja: Wieviele Asylbewerber? In welchen Einrichtungen? F\u00fcr welchen Zeitraum? Welche Auswirkungen hatte die Belegung von \u00f6ffentlichen Einrichtungen mit Asylbewerbern auf die bisherigen Benutzer\/Besucher? Sind Asylbewerber in Hotels oder Pensionen untergebracht worden? Wenn Ja: Wieviele Asylbewerber? In welchen Hotels oder Pensionen? F\u00fcr welchen Zeitraum? Zu welchen Kosten?<\/li>\n\n\n\n<li class=\"has-body-text-color has-text-color has-link-color wp-elements-3d9ce2ce6d784b9ab8051a3385adf1b0\">Bestehen in der Gemeinde noch freie Kapazit\u00e4ten f\u00fcr die Unterbringung weiterer Asylbewerber? Wenn Ja: Welche? F\u00fcr wieviele Asylbewerber?&nbsp;<\/li>\n\n\n\n<li class=\"has-body-text-color has-text-color has-link-color wp-elements-543c69d3060a605b780fe00de832094e\">Welche Pl\u00e4ne bestehen f\u00fcr den Fall, da\u00df der Gemeinde mehr Asylbewerber zugewiesen werden, als untergebracht werden k\u00f6nnen?<\/li>\n\n\n\n<li class=\"has-body-text-color has-text-color has-link-color wp-elements-3e7678d2de0b2d74523a0a622cf3613d\">Wie hoch sind die monatlichen Kosten f\u00fcr Unterbringung und Versorgung der Asylbewerber?<\/li>\n\n\n\n<li class=\"has-body-text-color has-text-color has-link-color wp-elements-0c8fb63b81e926f162fae208c23cd952\">Wie haben sich die j\u00e4hrlichen Kosten f\u00fcr Unterbringung und Versorgung der Asylbewerber in den letzten f\u00fcnf Jahren entwickelt?<\/li>\n\n\n\n<li class=\"has-body-text-color has-text-color has-link-color wp-elements-8b4e83181b369381978543a356caccb3\">Welche Leistungen erhalten Asylbewerber in der Gemeinde?<\/li>\n\n\n\n<li class=\"has-body-text-color has-text-color has-link-color wp-elements-cd900766864b3b312d1b8476107f700e\">Sind der Gemeinde F\u00e4lle bekannt geworden, in denen Asylbewerber staatliche Leistungen unberechtigter Weise mehrfach in Anspruch genommen haben? Wenn Ja: Was ist unternommen worden, um dies zu verhindern? Wenn Nein: Sind entsprechende Kontrollen durchgef\u00fchrt worden oder sind sie beabsichtigt? Wenn Nein: Warum nicht?<\/li>\n\n\n\n<li class=\"has-body-text-color has-text-color has-link-color wp-elements-47a12e5fd19c7d2909a3beb487ee2b7c\">Aus welchen Herkunftsl\u00e4ndern stammen die in der Gemeinde untergebrachten Asylbewerber?<\/li>\n\n\n\n<li class=\"has-body-text-color has-text-color has-link-color wp-elements-f9683d895414e397c9d9f71311da4f1b\">Sind in der Gemeinde F\u00e4lle bekannt geworden, in denen es seitens der einheimischen Bev\u00f6lkerung zu Klagen und Beschwerden \u00fcber Asylbewerber gekommen ist? Wenn Ja: Wogegen richten sich die Klagen oder Beschwerden? Wie wurde darauf reagiert?&#8220;<\/li>\n<\/ul>\n\n\n\n<p class=\"has-body-text-color has-text-color has-link-color wp-elements-d531afb14270d3347fa75bec5f300fef\">Herr R\u00fche &#8230; ist, wie diese Fragen zeigen, kein Rassist. Herr R\u00fche wollte nur &#8211; Artikel 16 im Sinn &#8211; ein bi\u00dfchen den politischen Diskurs sch\u00fcren. &#8230; Es wurde ein toller Erfolg. Von Rostock bis Solingen.<\/p>\n\n\n\n<div style=\"height:100px\" aria-hidden=\"true\" class=\"wp-block-spacer\"><\/div>\n\n\n\n<figure class=\"wp-block-image aligncenter size-full\"><img loading=\"lazy\" decoding=\"async\" width=\"636\" height=\"940\" src=\"https:\/\/walle.net\/wordpress\/wp-content\/uploads\/2024\/12\/199301830.jpg\" alt=\"\" class=\"wp-image-630\" srcset=\"https:\/\/walle.net\/wordpress\/wp-content\/uploads\/2024\/12\/199301830.jpg 636w, https:\/\/walle.net\/wordpress\/wp-content\/uploads\/2024\/12\/199301830-203x300.jpg 203w\" sizes=\"auto, (max-width: 636px) 100vw, 636px\" \/><figcaption class=\"wp-element-caption\">In den Asylbewerberunterk\u00fcnften<br>Die kinderreichen Familien der Asylbewerber sind in menschenunfreundlichen Wohncontainern untergebracht, sinnvolle Besch\u00e4ftigung f\u00fcr Kinder und Erwachsene ist dort kaum m\u00f6glich.<\/figcaption><\/figure>\n\n\n\n<div style=\"height:100px\" aria-hidden=\"true\" class=\"wp-block-spacer\"><\/div>\n\n\n\n<p class=\"has-foreground-color has-text-color has-link-color has-medium-font-size wp-elements-aa87b4f1f4bb81c9462cccff42161cd3\">&#8222;Frankfurter Rundschau&#8220; vom 30. September 1992<\/p>\n\n\n\n<p class=\"has-body-text-color has-text-color has-link-color wp-elements-b62ec03911b980dda4433f571977c42a\">Das kriminologische Forschungsinstitut Niedersachsen hat pauschalen Behauptungen widersprochen, mit dem Zuzug von Ausl\u00e4ndern wachse die Kriminalit\u00e4t. Das Institut stellt fest, da\u00df zwar der Anteil der Ausl\u00e4nder an der Gesamtzahl der Tatverd\u00e4chtigen &#8230; gestiegen ist, da\u00df sich aber bei Gericht der polizeiliche Tatverdacht gegen Ausl\u00e4nder wesentlich seltener best\u00e4tige als gegen Deutsche.<\/p>\n\n\n\n<div style=\"height:100px\" aria-hidden=\"true\" class=\"wp-block-spacer\"><\/div>\n\n\n\n<figure class=\"wp-block-image aligncenter size-full\"><img loading=\"lazy\" decoding=\"async\" width=\"940\" height=\"635\" src=\"https:\/\/walle.net\/wordpress\/wp-content\/uploads\/2024\/12\/199301808.jpg\" alt=\"\" class=\"wp-image-631\" srcset=\"https:\/\/walle.net\/wordpress\/wp-content\/uploads\/2024\/12\/199301808.jpg 940w, https:\/\/walle.net\/wordpress\/wp-content\/uploads\/2024\/12\/199301808-300x203.jpg 300w, https:\/\/walle.net\/wordpress\/wp-content\/uploads\/2024\/12\/199301808-768x519.jpg 768w\" sizes=\"auto, (max-width: 940px) 100vw, 940px\" \/><figcaption class=\"wp-element-caption\">Asylbewerber sind nach einem Brandanschlag auf ihre Unterk\u00fcnfte zu Angeh\u00f6rigen geflohen. (#1)<br>Auf den erneuten Brandanschlag reagiert auch &#8222;Miteinander leben&#8220; zun\u00e4chst mit Ratlosigkeit. Sp\u00e4ter werden die Kontakte zu den Asylbewerbern intensiviert und konkrete Ma\u00dfnahmen veranla\u00dft.<\/figcaption><\/figure>\n\n\n\n<div style=\"height:100px\" aria-hidden=\"true\" class=\"wp-block-spacer\"><\/div>\n\n\n\n<p class=\"has-foreground-color has-text-color has-link-color has-medium-font-size wp-elements-53c514751613ab248fde754a4c5837fb\">&#8222;L\u00fcbecker Nachrichten&#8220; vom 17. Februar 1993<\/p>\n\n\n\n<p class=\"has-body-text-color has-text-color has-link-color wp-elements-5b37b2b306a6e703887a3add3d2bf329\">Trotz rechtsextremer Gewalttaten sieht Generalbundesanwalt Alexander von Stahl im Linksextremismus die gr\u00f6\u00dfere Gefahr f\u00fcr die innere Sicherheit. &#8222;Wir werden die rechtsextremistische Gefahr in den Griff bekommen&#8220;, sagte von Stahl. &#8230; Die rechte Szene sei wenig organisiert, 70 % der T\u00e4ter seien unter 21 Jahre und nur &#8222;dumpf anpolitisiert&#8220;. &#8230; Den Vorwurf, die deutschen Strafverfolgungsbeh\u00f6rden seien &#8222;auf dem rechten Auge blind&#8220;, wies von Stahl zur\u00fcck.<\/p>\n\n\n\n<div style=\"height:100px\" aria-hidden=\"true\" class=\"wp-block-spacer\"><\/div>\n\n\n\n<p class=\"has-foreground-color has-text-color has-link-color has-medium-font-size wp-elements-4be7b53359cd37097af3b842f51d1d53\">Oberstaatsanwalt Klaus Pflieger, Schlu\u00dfvortrag der Bundesanwaltschaft&nbsp; im &#8222;M\u00f6lln-Proze\u00df&#8220; am 10. November 1993 vor dem Oberlandesgericht Schleswig<\/p>\n\n\n\n<p class=\"has-body-text-color has-text-color has-link-color wp-elements-de0c2bbf1da68bb0335946e3ca5358d9\">Wer &#8230; meint, sagen zu m\u00fcssen, &#8222;zahlenm\u00e4\u00dfig ist die Gefahr durch den Linksradikalismus aber viel gef\u00e4hrlicher&#8220;, der verharmlost und lenkt vom Problem ab.<\/p>\n\n\n\n<div style=\"height:100px\" aria-hidden=\"true\" class=\"wp-block-spacer\"><\/div>\n\n\n\n<p class=\"has-foreground-color has-text-color has-link-color has-medium-font-size wp-elements-0cf822982f39add837793bdee90e79c8\">Bundeskanzler Dr. Helmut Kohl zu den Unruhen nach dem Brandanschlag von Solingen<\/p>\n\n\n\n<p class=\"has-body-text-color has-text-color has-link-color wp-elements-267898f92b3bcc03146792bc848f187d\">Gegebenenfalls sind die T\u00e4ter aus Deutschland auszuweisen.<\/p>\n\n\n\n<div style=\"height:100px\" aria-hidden=\"true\" class=\"wp-block-spacer\"><\/div>\n\n\n\n<figure class=\"wp-block-image aligncenter size-full\"><img loading=\"lazy\" decoding=\"async\" width=\"940\" height=\"635\" src=\"https:\/\/walle.net\/wordpress\/wp-content\/uploads\/2024\/12\/199302007.jpg\" alt=\"\" class=\"wp-image-632\" srcset=\"https:\/\/walle.net\/wordpress\/wp-content\/uploads\/2024\/12\/199302007.jpg 940w, https:\/\/walle.net\/wordpress\/wp-content\/uploads\/2024\/12\/199302007-300x203.jpg 300w, https:\/\/walle.net\/wordpress\/wp-content\/uploads\/2024\/12\/199302007-768x519.jpg 768w\" sizes=\"auto, (max-width: 940px) 100vw, 940px\" \/><figcaption class=\"wp-element-caption\">&#8222;Miteinander leben&#8220; verteilt Spielzeug an Kinder von Asylbewerbern.<\/figcaption><\/figure>\n\n\n\n<div style=\"height:100px\" aria-hidden=\"true\" class=\"wp-block-spacer\"><\/div>\n\n\n\n<figure class=\"wp-block-image aligncenter size-full\"><img loading=\"lazy\" decoding=\"async\" width=\"940\" height=\"636\" src=\"https:\/\/walle.net\/wordpress\/wp-content\/uploads\/2024\/12\/199300215.jpg\" alt=\"\" class=\"wp-image-633\" srcset=\"https:\/\/walle.net\/wordpress\/wp-content\/uploads\/2024\/12\/199300215.jpg 940w, https:\/\/walle.net\/wordpress\/wp-content\/uploads\/2024\/12\/199300215-300x203.jpg 300w, https:\/\/walle.net\/wordpress\/wp-content\/uploads\/2024\/12\/199300215-768x520.jpg 768w\" sizes=\"auto, (max-width: 940px) 100vw, 940px\" \/><figcaption class=\"wp-element-caption\">N. Arslan w\u00e4hrend der Aufr\u00e4umarbeiten in seiner ausgebrannten Wohnung<\/figcaption><\/figure>\n\n\n\n<div style=\"height:100px\" aria-hidden=\"true\" class=\"wp-block-spacer\"><\/div>\n\n\n\n<p class=\"has-foreground-color has-text-color has-link-color has-medium-font-size wp-elements-11a9b681c860ae575e3dd5c150883301\">Ignatz Bubis, Vorsitzender des Zentralrats der Juden in Deutschland, im Mai 1993<\/p>\n\n\n\n<p class=\"has-body-text-color has-text-color has-link-color wp-elements-c90aab901a91f8f26fd95e7a36540db5\">Ich bedaure, da\u00df es &#8230; eine \u00c4nderung (des Asylrechts) geben wird. &#8230; Ich finde, da\u00df wir &#8211; noch &#8211; ein hervorragendes Grundgesetz haben, das beste, das es auf deutschem Boden je gegeben hat. &#8230; Man kann nicht W\u00e4hler, die zu den Republikanern \u00fcbergelaufen sind, dadurch zur\u00fcckgewinnen, da\u00df man deren Positionen \u00fcbernimmt.<\/p>\n\n\n\n<div style=\"height:100px\" aria-hidden=\"true\" class=\"wp-block-spacer\"><\/div>\n\n\n\n<p class=\"has-foreground-color has-text-color has-link-color has-medium-font-size wp-elements-e4290b27b112575f269a3f9716a6b056\">Elias Canetti<\/p>\n\n\n\n<p class=\"has-body-text-color has-text-color has-link-color wp-elements-b241e2c4f51699d632a96b29ac6439b5\">Jeder ist zum H\u00fcter mehrerer Leben bestellt. Und wehe ihm, wenn er die nicht findet, die er h\u00fcten mu\u00df; und wehe dem, der schlecht h\u00fctet, die er gefunden hat.<\/p>\n\n\n\n<div style=\"height:100px\" aria-hidden=\"true\" class=\"wp-block-spacer\"><\/div>\n\n\n\n<p class=\"has-foreground-color has-text-color has-link-color has-medium-font-size wp-elements-dfc540e68d13a61ee982d628624ed2b3\">G\u00fcnter Verheugen, MdB, SPD, im Mai 1993 zur bevorstehenden \u00c4nderung des Artikels 16 Grundgesetz<\/p>\n\n\n\n<p class=\"has-body-text-color has-text-color has-link-color wp-elements-80a89e47dc1683894872c37010f5808b\">Das Gesetz ist schlecht, ja kein Zweifel, es handelt sich um ein ganz schlechtes Gesetz. Aber ich werde trotzdem daf\u00fcr stimmen &#8230; damit das Thema endlich vom Tisch kommt und nicht mehr als Kn\u00fcppel in der \u00f6ffentlichen Debatte verwendet werden kann.<\/p>\n\n\n\n<div style=\"height:100px\" aria-hidden=\"true\" class=\"wp-block-spacer\"><\/div>\n\n\n\n<p class=\"has-foreground-color has-text-color has-link-color has-medium-font-size wp-elements-f8db1280b5fa020e172e92dc477879f3\">&#8222;Die Zeit&#8220; am 04. Juni 1993<\/p>\n\n\n\n<p class=\"has-body-text-color has-text-color has-link-color wp-elements-49652d8fee586bc942c3a050b6f2528a\">Zweitklassig sein: Man mu\u00df nicht aus dem Orient kommen, wo der Mythos von Ehre und Ansehen ein ungleich wichtigerer sozialer Faktor ist als im k\u00fchleren Mitteleuropa, um sich in dieser Position nicht behaglich zu f\u00fchlen. Weniger Rechte, weniger Ansehen &#8211; und nun auch weniger Sicherheit. Der Botschafter in Bonn, Onur \u00d6ymen, wirbt um Verst\u00e4ndnis: &#8222;T\u00fcrken sollten sich nicht als B\u00fcrger zweiter Klasse f\u00fchlen.&#8220; Aber sie tun es, weil sie es sind.<\/p>\n\n\n\n<div style=\"height:100px\" aria-hidden=\"true\" class=\"wp-block-spacer\"><\/div>\n\n\n\n<figure class=\"wp-block-image aligncenter size-full\"><img loading=\"lazy\" decoding=\"async\" width=\"940\" height=\"630\" src=\"https:\/\/walle.net\/wordpress\/wp-content\/uploads\/2024\/12\/199304712.jpg\" alt=\"\" class=\"wp-image-634\" srcset=\"https:\/\/walle.net\/wordpress\/wp-content\/uploads\/2024\/12\/199304712.jpg 940w, https:\/\/walle.net\/wordpress\/wp-content\/uploads\/2024\/12\/199304712-300x201.jpg 300w, https:\/\/walle.net\/wordpress\/wp-content\/uploads\/2024\/12\/199304712-768x515.jpg 768w\" sizes=\"auto, (max-width: 940px) 100vw, 940px\" \/><figcaption class=\"wp-element-caption\">W\u00e4hrend eines Begegnungsfestes des Vereins &#8222;Miteinander leben&#8220;<\/figcaption><\/figure>\n\n\n\n<div style=\"height:100px\" aria-hidden=\"true\" class=\"wp-block-spacer\"><\/div>\n\n\n\n<p class=\"has-foreground-color has-text-color has-link-color has-medium-font-size wp-elements-8efc2bebfccca12ddf2f435c26c69de6\">Dr. Alfred Dregger, MdB, Ehrenvorsitzender der CDU\/CSU- Bundestagsfraktion, am 16. November 1993 in M\u00f6lln<\/p>\n\n\n\n<p class=\"has-body-text-color has-text-color has-link-color wp-elements-e46eeb652a96bde2613b56d840467fc5\">Ein &#8230; Problem trifft uns schwer: 1992 betrug der Anteil der Ausl\u00e4nder unter allen Tatverd\u00e4chtigen 30%. &#8230; Wir m\u00fcssen Strategien entwickeln, mit denen wir dieser Ausl\u00e4nderkriminalit\u00e4t entgegenwirken k\u00f6nnen. &#8230; Ich fordere die Beh\u00f6rden auf, die gesetzlichen M\u00f6glichkeiten voll auszusch\u00f6pfen.<\/p>\n\n\n\n<div style=\"height:100px\" aria-hidden=\"true\" class=\"wp-block-spacer\"><\/div>\n<\/div>\n\n\n\n<div class=\"wp-block-column is-layout-flow wp-block-column-is-layout-flow\" style=\"flex-basis:33.33%\">\n<ul class=\"wp-block-list\">\n<li><a href=\"https:\/\/walle.net\/wordpress\/moelln\/\" data-type=\"page\" data-id=\"543\">M\u00f6lln nach M\u00f6lln<\/a><\/li>\n\n\n\n<li><a href=\"https:\/\/walle.net\/wordpress\/moelln\/moelln2\/\" data-type=\"page\" data-id=\"543\">M\u00f6lln hat viele Gesichter<\/a><\/li>\n\n\n\n<li><a href=\"https:\/\/walle.net\/wordpress\/moelln\/zitate-1\/\" data-type=\"page\" data-id=\"573\">Zitate 1<\/a><\/li>\n\n\n\n<li><a href=\"https:\/\/walle.net\/wordpress\/moelln\/zitate-2\/\" data-type=\"page\" data-id=\"543\">Zitate 2<\/a><\/li>\n\n\n\n<li><a href=\"https:\/\/walle.net\/wordpress\/moelln\/chronologie\/\" data-type=\"page\" data-id=\"543\">Chronologie<\/a><\/li>\n\n\n\n<li><a href=\"https:\/\/walle.net\/wordpress\/moelln\/presse\/\" data-type=\"page\" data-id=\"543\">Pressestimmen<\/a><\/li>\n\n\n\n<li><a href=\"https:\/\/walle.net\/wordpress\/moelln\/autor\/\" data-type=\"page\" data-id=\"543\">Autor<\/a><\/li>\n\n\n\n<li><a href=\"https:\/\/walle.net\/wordpress\/moelln\/ausstellung\/\" data-type=\"page\" data-id=\"543\">Ausstellung<\/a><\/li>\n\n\n\n<li><a href=\"https:\/\/walle.net\/wordpress\/moelln\/interview\/\" data-type=\"page\" data-id=\"543\">Interview<\/a><\/li>\n<\/ul>\n<\/div>\n<\/div>\n","protected":false},"excerpt":{"rendered":"<p>Ignatz Bubis, Vorsitzender des Zentralrats der Juden in Deutschland, am 23. November 1993 in M\u00f6lln [&hellip;]<\/p>\n","protected":false},"author":1,"featured_media":0,"parent":543,"menu_order":4,"comment_status":"closed","ping_status":"closed","template":"","meta":{"footnotes":""},"class_list":["post-623","page","type-page","status-publish","hentry"],"_links":{"self":[{"href":"https:\/\/walle.net\/wordpress\/wp-json\/wp\/v2\/pages\/623","targetHints":{"allow":["GET"]}}],"collection":[{"href":"https:\/\/walle.net\/wordpress\/wp-json\/wp\/v2\/pages"}],"about":[{"href":"https:\/\/walle.net\/wordpress\/wp-json\/wp\/v2\/types\/page"}],"author":[{"embeddable":true,"href":"https:\/\/walle.net\/wordpress\/wp-json\/wp\/v2\/users\/1"}],"replies":[{"embeddable":true,"href":"https:\/\/walle.net\/wordpress\/wp-json\/wp\/v2\/comments?post=623"}],"version-history":[{"count":8,"href":"https:\/\/walle.net\/wordpress\/wp-json\/wp\/v2\/pages\/623\/revisions"}],"predecessor-version":[{"id":867,"href":"https:\/\/walle.net\/wordpress\/wp-json\/wp\/v2\/pages\/623\/revisions\/867"}],"up":[{"embeddable":true,"href":"https:\/\/walle.net\/wordpress\/wp-json\/wp\/v2\/pages\/543"}],"wp:attachment":[{"href":"https:\/\/walle.net\/wordpress\/wp-json\/wp\/v2\/media?parent=623"}],"curies":[{"name":"wp","href":"https:\/\/api.w.org\/{rel}","templated":true}]}}